= b**2 - 5*b + 4. What is x(q)?
10
Let b(q) = -12*q**2 - 18*q - 16. Let m(i) = 17*i**2 + 27*i + 25. Let z(d) = 7*b(d) + 5*m(d). Calculate z(-4).
-7
Let g(y) = 2*y**2 - 1. Suppose -4*a + 0 = 5*f + 10, a = -5*f + 5. Calculate g(f).
7
Let l(c) = -11*c + 2. Suppose -11 = 9*g - 20. Determine l(g).
-9
Suppose 0 = 5*c - 11*c + 24. Let l(y) = -y**3 - 7*y**2 + y + 7. Let p(h) = -3*h**3 - 15*h**2 + 2*h + 15. Let i(x) = -5*l(x) + 2*p(x). Give i(c).
7
Let d(a) be the first derivative of a**5/60 + a**4/4 - a**3 + 3*a**2 + 2*a + 14. Let o(s) be the second derivative of d(s). Give o(-5).
-11
Let v(t) = 6*t - 1. Let o be (-2)/(-8)*(15 - -1). Let u(y) = 0 + 2*y - y - 6. Let x be u(o). What is v(x)?
-13
Let k(x) = x**2 + 6*x - 10. Let t = -161 - -152. What is k(t)?
17
Let s(o) = -2*o - 30. Let w(y) = 3*y + 59. Let j(v) = 7*s(v) + 4*w(v). What is j(0)?
26
Let g(q) = 5 - 4*q - 107*q**3 + 39*q**3 + 29*q**3 + 40*q**3 - 4*q**2. Suppose -y - 54 = -4*y. Let d = y + -13. What is g(d)?
10
Suppose 0 = -b - 2*b - 9. Let r(z) = z**3 + 3*z**2 + 2*z + 3. Let l be r(b). Let s(d) = 7 + d - 7. Calculate s(l).
-3
Let b(q) = -842*q - 840*q + 1691*q - 4. What is b(5)?
41
Let g be 592/56 - (-16)/(-28). Let a(j) = j + 4. What is a(g)?
14
Let x(b) be the second derivative of 5/12*b**4 + 0 - 2/3*b**3 + 3*b**2 - 1/20*b**5 - 30*b. Calculate x(4).
6
Let w(t) = t**2 - 4*t - 1. Let j(s) = s**3 - s**2 - 27*s - 2. Let z(h) = -j(h) + 5*w(h). Let p(q) = q**3 - 6*q**2 + 7. Let m be p(6). What is z(m)?
-3
Let a(r) = -10*r**2 - 7*r + 7. Let u be a(1). Let o(h) = h**3 + 11*h**2 + 15*h + 7. What is o(u)?
-43
Let x(q) = -5*q - 26. Let h(y) = -7*y - 24. Let k(v) = -5*h(v) + 6*x(v). Calculate k(6).
-6
Let z(x) = -8*x + 127*x**3 + x - 1 + 5*x**2 - 126*x**3. Calculate z(-6).
5
Let x(g) = -g**3 - g**2 - 2*g + 1. Let t(y) = 2*y**3 + y**2 + 3*y - 1. Let f(q) = -2*t(q) - 3*x(q). Give f(0).
-1
Let h(l) = -l**2 - 7*l + 4. Suppose 0 = -0*g + 2*g - 2*f - 6, -3*g - 3 = f. Suppose -3*q = 5*s + 31, g*q - 6 = 2*q - 4*s. Calculate h(q).
4
Let d(w) = w + 1 + 3 - 3*w**2 - 5. Let n(q) = -q**3 - 35*q**2 + 41*q + 182. Let a be n(-36). Give d(a).
-11
Let a(j) = 46 - 16 - 18 + j - 32*j**3 - 11. Calculate a(-1).
32
Let v(i) = -22*i + 1. Let d(z) = 58*z - 2. Let u(a) = 3*d(a) + 8*v(a). Calculate u(-3).
8
Let h(a) be the second derivative of a**3/6 - 2*a**2 + 67*a. Determine h(-4).
-8
Let j be (18/4)/(6/(-8)). Let n(u) = -5 + 3 - u**3 - 10*u**2 + 1 + 5*u**2 + 7*u. Let h be n(j). Let i(s) = -s**2 - 7*s + 8. Determine i(h).
8
Let s(v) = -2*v**2 + 3*v**2 + 1 - v + v**2 - 8. Give s(3).
8
Let x(l) = l**2 + l - 6. Let d = 42 + -16. Let i = d + -31. Calculate x(i).
14
Let c = 86 - 38. Suppose -3*v - 3*v = -c. Let s(a) = -a**2 + 8*a - 4. Calculate s(v).
-4
Let g(i) = -3*i**2 - 2*i + 3. Let w(d) = d**2 - d - 7. Let f be w(3). Let u be (23 - -2) + (-2 - f). Let a be (-16)/u + 8/3. Determine g(a).
-13
Let o(h) be the third derivative of 1/20*h**5 - 5*h**2 + 0*h + 0 - 1/12*h**4 - 1/6*h**3. What is o(-1)?
4
Let g(d) = -14*d**2 + d. Let z = 13 - 10. Suppose 3*n + n = 2*v - 26, 0 = -v - z*n + 38. Suppose -3*m + 3*a + 5 = v, 0 = 4*m + 3*a - 11. What is g(m)?
-15
Let w(j) = 2*j - 2. Suppose 2*v - p = -6*p, 2*v + 4*p - 4 = 0. Calculate w(v).
18
Suppose 25*q = 30*q + 5. Let o be ((-30)/(-25) + q)*0. Let h(n) = n**3 + n**2 - n - 12. Calculate h(o).
-12
Let b(p) be the second derivative of 1/2*p**3 - 3/2*p**2 + 8*p + 0. Give b(-3).
-12
Let p(i) be the third derivative of i**4/12 + 11*i**3/6 - 2*i**2 - 18. Calculate p(-7).
-3
Let f be (-1)/((0 - 1) + 2). Let q(i) = 4*i**3 + 4*i**2 - 3*i. Let a(h) = -7*h**3 - 7*h**2 + 5*h. Let d(y) = -3*a(y) - 5*q(y). Give d(f).
0
Let u be (-15)/(-40)*-18 + 1/(-4). Let y(l) = l**3 + 6*l**2 - 6*l + 1. Determine y(u).
-6
Let p(h) = h**3 + 5*h**2 + 6*h + 5. Let a = 124 + -129. Give p(a).
-25
Let d(v) = -2*v**2 + 4*v - 2. Let m(o) = -3*o + 1. Let r(j) = 1. Let i(k) = m(k) + 2*r(k). Let s be i(0). Give d(s).
-8
Suppose q - 24 = -3*v - 3*q, -4*v = 3*q - 25. Suppose 4*c = -v*f + 10 + 22, -5*c + 2*f + 40 = 0. Let o(k) = -k + 14. What is o(c)?
6
Suppose 0 = -10*l + 223 + 17. Let p = -25 + l. Let k(q) = -19*q**3. What is k(p)?
19
Let x(t) = -t**3 + 8*t**2 + 9*t - 34. Let m be x(9). Let j = 39 + m. Let o(n) = -6 + 3*n - n + 0*n. Determine o(j).
4
Let g(l) = l**3 - 9*l**2 + 8*l + 2. Suppose -4*p - 10*n + 31 = -9*n, 38 = 5*p + 2*n. What is g(p)?
2
Let d(v) = v - 6. Let a(t) = 16. Let r(s) = -11. Let i(x) = -5*a(x) - 7*r(x). Let w(n) = -3*d(n) + 7*i(n). Give w(-4).
9
Let h(k) = -k**3 - 4*k**2 - k + 1. Let a(i) be the first derivative of -i**3/3 + 3*i**2/2 + 6*i + 4. Let p be a(5). Calculate h(p).
5
Let y = -12 + 15. Let n(v) = y*v**3 - 16*v + 6*v**2 + 14*v - 4*v**3 + 2*v**3. Determine n(-6).
12
Let c be -1 - (14/(-2) + 3). Suppose c*t + 5 = 5*j, -4*t - 10 = -2*j - 3*j. Let s(m) be the third derivative of m**5/60 + m**4/3 + 7*m**3/6 - 5*m**2. Give s(t).
-8
Let t(a) = -2*a**3 + 3*a**2 - 3*a + 1. Let g = -16 - -25. Suppose -2*s - f + g = 0, 0 = -4*s - s - 3*f + 25. What is t(s)?
-9
Let z(b) = b - 3 + 5 + 6. Let o be z(-7). Let q(g) = -7*g. What is q(o)?
-7
Let u(y) = -5*y**2 - 26*y - 3. Let z(j) = -6*j**2 - 33*j - 4. Let a(f) = -5*u(f) + 4*z(f). Let k(b) = b**2 - 5*b + 2. Let q be k(5). Give a(q).
-1
Suppose 0 = 889*u - 890*u. Let c(y) be the first derivative of 0*y**2 - 3 + 0*y**3 + u*y + 1/4*y**4. Give c(-1).
-1
Let g = -35 + 41. Let u(h) be the second derivative of 7*h**2/2 - 8*h. Let y(s) = s + 35. Let b(d) = -11*u(d) + 2*y(d). Determine b(g).
5
Let b(u) be the first derivative of u**4/4 + u**3 - 3*u**2/2 + u - 460. What is b(-3)?
10
Let b be 36/(-2)*10/(-4). Let f = -45 + b. Let j(w) = -w**2 + w - 14. Determine j(f).
-14
Let x = 3 + 15. Suppose -2*l - l - 2*p = 3, 0 = 5*l - p + x. Let a(s) = -s**3 - s**2 + 5*s + 3. Calculate a(l).
6
Let k(g) be the third derivative of g**8/20160 - g**7/720 - g**6/90 - g**5/5 - g**2. Let s(b) be the third derivative of k(b). Calculate s(8).
0
Let l(v) be the first derivative of 1 + 2*v + 5/2*v**2. Give l(-2).
-8
Let l(s) = s**2 - 5*s - 3. Let h = -5 - -9. Suppose 3*y - h = 11. What is l(y)?
-3
Suppose -i + 2*g - 4 = 0, g + 20 = 5*g. Let o(p) = i*p - 5*p - p**2 - 3*p - 6 - 5*p. Suppose 0 = -5*z - 27 + 7. Calculate o(z).
6
Let v(w) be the third derivative of w**5/60 + w**4/2 + 13*w**3/6 + 99*w**2. Give v(-12).
13
Let z(y) be the first derivative of -y**6/120 - y**5/20 + y**3/2 - 9*y**2 + 9. Let n(h) be the second derivative of z(h). Calculate n(-3).
3
Let v(n) = n**2 + 9*n + 12. Let l(i) = i**2 - 10*i - 76. Let b be l(11). Let y = b + 57. What is v(y)?
4
Let h(k) = 5 + 13*k - 17 - 3*k + 0 + 12*k**2 + k**3. Let a be h(-11). Let m(l) = 27*l + 1. Determine m(a).
-26
Let v = -6 + 10. Suppose -v*w + 10*w = -12. Let s(o) = -2*o + 2 + 3 - 8. Calculate s(w).
1
Let d(x) = -x**3 + 4*x**2 - x + 4. Let t be d(4). Suppose -i - 2*i + 27 = t. Let c(p) = -i*p - p + p**2 + 7*p - p - 4. What is c(3)?
-7
Let d(v) = -16*v**3 - 2*v**2 - 3*v - 2. Suppose 55 = 25*q + 80. Give d(q).
15
Let m(f) = -6*f - 117. Let t be m(-19). Let b(z) = z**3 + 2*z**2 - 5*z - 2. Calculate b(t).
4
Let h(n) = 5*n**2 - n + 1. Let a = -5 - -8. Let j be (4/(-6)*a)/(-7 - -5). What is h(j)?
5
Let n(f) = -26*f**3 + f**2 - 2*f + 1. Let a be (-2 - -1)/(-30 - -29). What is n(a)?
-26
Let l(f) = -25*f - 79. Let b be l(-3). Let h(k) = -2*k**2 - 7*k - 9. What is h(b)?
-13
Let q(i) = -i**3 - 4*i**2 + 2*i - 3. Let a be q(-5). Let s(b) = -7 - b**2 - 5 - b**3 + a. Give s(-1).
0
Let p(t) be the second derivative of -t**4/12 + 2*t**3/3 + 8*t. Let q = 369 + -366. Calculate p(q).
3
Let d(u) = 2*u**3 - 3 - 6*u**2 - 5*u - 7*u**2 + 6 - u**3 + 12*u**2. Let k(t) = -t - 4. Let l be k(-7). Determine d(l).
6
Let w(m) = 2*m**2 + 2*m + 4. Let t = 138 + -141. What is w(t)?
16
Let p(b) be the first derivative of -b**3/3 + 6*b**2 - 13*b + 216. What is p(10)?
7
Let z(i) = i. Suppose 23 = 3*s + 41. Give z(s).
-6
Let r(n) = 200 - 4*n - 96 - 103. Let w(p) = p + 4. Let o be w(-3). Determine r(o).
-3
Suppose 0 = 14*o - 6*o - 24. Let n(z) be the third derivative of 0*z**4 + 1/60*z**5 + 5/6*z**o - z**2 + 0 + 0*z. Give n(0).
5
Let b(j) = -9 + 3*j - 5 + 4 - 4*j - 4. Calculate b(-7).
-7
Let w = -281 - -284. Let r(x) be the second derivative of -7*x**3/6 - x**2 - 4*x. Calculate r(